{"id":63,"date":"2026-03-05T20:26:42","date_gmt":"2026-03-05T20:26:42","guid":{"rendered":"http:\/\/kvblybq.cluster121.hosting.ovh.net\/?page_id=63"},"modified":"2026-03-19T21:38:12","modified_gmt":"2026-03-19T21:38:12","slug":"accueil","status":"publish","type":"page","link":"https:\/\/monbochateau.fr\/","title":{"rendered":"Accueil"},"content":{"rendered":"\t\t<div data-elementor-type=\"wp-page\" data-elementor-id=\"63\" class=\"elementor elementor-63\">\n\t\t\t\t<div class=\"elementor-element elementor-element-8860efa e-con-full elementor-hidden-mobile e-flex e-con e-parent\" data-id=\"8860efa\" data-element_type=\"container\" data-e-type=\"container\" data-settings=\"{&quot;background_background&quot;:&quot;slideshow&quot;,&quot;background_slideshow_gallery&quot;:[{&quot;id&quot;:305,&quot;url&quot;:&quot;https:\\\/\\\/monbochateau.fr\\\/wp-content\\\/uploads\\\/2026\\\/03\\\/Banniere-Tous-les-chateaux-dans-une-seule-appli-scaled.png&quot;},{&quot;id&quot;:304,&quot;url&quot;:&quot;https:\\\/\\\/monbochateau.fr\\\/wp-content\\\/uploads\\\/2026\\\/03\\\/Banniere-Rejoignez-laventure-scaled.png&quot;},{&quot;id&quot;:303,&quot;url&quot;:&quot;https:\\\/\\\/monbochateau.fr\\\/wp-content\\\/uploads\\\/2026\\\/03\\\/Banniere-Collectionnez-avatars-scaled.png&quot;}],&quot;animation_mobile&quot;:&quot;none&quot;,&quot;background_slideshow_loop&quot;:&quot;yes&quot;,&quot;background_slideshow_slide_duration&quot;:5000,&quot;background_slideshow_slide_transition&quot;:&quot;fade&quot;,&quot;background_slideshow_transition_duration&quot;:500}\">\n\t\t\t\t<\/div>\n\t\t<div class=\"elementor-element elementor-element-be4fc5c e-con-full elementor-hidden-desktop elementor-hidden-tablet e-flex e-con e-parent\" data-id=\"be4fc5c\" data-element_type=\"container\" data-e-type=\"container\" data-settings=\"{&quot;background_background&quot;:&quot;slideshow&quot;,&quot;background_slideshow_gallery&quot;:[{&quot;id&quot;:343,&quot;url&quot;:&quot;https:\\\/\\\/monbochateau.fr\\\/wp-content\\\/uploads\\\/2026\\\/03\\\/Banniere-Tous-les-chateaux-dans-une-seule-appli-mobile.png&quot;},{&quot;id&quot;:342,&quot;url&quot;:&quot;https:\\\/\\\/monbochateau.fr\\\/wp-content\\\/uploads\\\/2026\\\/03\\\/Banniere-Rejoignez-laventure-mobile.png&quot;},{&quot;id&quot;:341,&quot;url&quot;:&quot;https:\\\/\\\/monbochateau.fr\\\/wp-content\\\/uploads\\\/2026\\\/03\\\/Banniere-Collectionnez-avatars-mobile.png&quot;}],&quot;animation_mobile&quot;:&quot;none&quot;,&quot;background_slideshow_loop&quot;:&quot;yes&quot;,&quot;background_slideshow_slide_duration&quot;:5000,&quot;background_slideshow_slide_transition&quot;:&quot;fade&quot;,&quot;background_slideshow_transition_duration&quot;:500}\">\n\t\t\t\t<\/div>\n\t\t<div class=\"elementor-element elementor-element-694fb89 e-flex e-con-boxed e-con e-parent\" data-id=\"694fb89\" data-element_type=\"container\" data-e-type=\"container\">\n\t\t\t\t\t<div class=\"e-con-inner\">\n\t\t\t\t<div class=\"elementor-element elementor-element-4298c35 elementor-widget elementor-widget-heading\" data-id=\"4298c35\" data-element_type=\"widget\" data-e-type=\"widget\" data-widget_type=\"heading.default\">\n\t\t\t\t\t<h2 class=\"elementor-heading-title elementor-size-default\"><strong>Application<\/strong> d\u00e9di\u00e9e au<BR> <strong>r\u00e9f\u00e9rencement des ch\u00e2teaux<\/strong> de France<\/h2>\t\t\t\t<\/div>\n\t\t\t\t\t<\/div>\n\t\t\t\t<\/div>\n\t\t<div class=\"elementor-element elementor-element-3ad3e70 e-grid e-con-full e-con e-parent\" data-id=\"3ad3e70\" data-element_type=\"container\" data-e-type=\"container\">\n\t\t<div class=\"elementor-element elementor-element-50b9196 e-con-full e-flex e-con e-child\" data-id=\"50b9196\" data-element_type=\"container\" data-e-type=\"container\">\n\t\t\t\t<div class=\"elementor-element elementor-element-53fde26 elementor-widget elementor-widget-text-editor\" data-id=\"53fde26\" data-element_type=\"widget\" data-e-type=\"widget\" data-widget_type=\"text-editor.default\">\n\t\t\t\t\t\t\t\t\t<p>Monb\u00f4 Ch\u00e2teau est une application aliment\u00e9e <strong>par<\/strong> <strong>ses propres utilisateurs<\/strong>. Son objectif ? Rassembler au sein d&rsquo;une seule plateforme, <strong>l&rsquo;ensemble des ch\u00e2teaux de France.<\/strong><\/p><p>D\u00e9di\u00e9e aux <strong>passionn\u00e9s d\u2019histoire comme aux touristes curieux<\/strong>, cette application permet de d\u00e9couvrir tous les ch\u00e2teaux souhait\u00e9s : visitables, en ruine, appartenant \u00e0 un d\u00e9partement pr\u00e9cis, class\u00e9s aux monuments historiques, construits \u00e0 un si\u00e8cle pr\u00e9cis, privatisables pour des \u00e9v\u00e9nements, etc.<\/p><p>T\u00e9l\u00e9chargez Monb\u00f4 Ch\u00e2teau <strong>sur Android<\/strong>. Vous \u00eates sur IOS ? Pas de panique, une version web est disponible en en bas de cette page.<\/p><p><strong>Bonne chasse aux ch\u00e2teaux !<\/strong><\/p>\t\t\t\t\t\t\t\t<\/div>\n\t\t\t\t<div class=\"elementor-element elementor-element-11c2a5e elementor-widget__width-initial elementor-widget elementor-widget-image\" data-id=\"11c2a5e\" data-element_type=\"widget\" data-e-type=\"widget\" data-widget_type=\"image.default\">\n\t\t\t\t\t\t\t\t\t\t\t\t\t\t\t<img decoding=\"async\" width=\"300\" height=\"89\" src=\"https:\/\/monbochateau.fr\/wp-content\/uploads\/2026\/03\/Google_Play_Store_badge_FR.svg_-300x89.png\" class=\"attachment-medium size-medium wp-image-136\" alt=\"Disponible sur Google Play Store\" srcset=\"https:\/\/monbochateau.fr\/wp-content\/uploads\/2026\/03\/Google_Play_Store_badge_FR.svg_-300x89.png 300w, https:\/\/monbochateau.fr\/wp-content\/uploads\/2026\/03\/Google_Play_Store_badge_FR.svg_-768x228.png 768w, https:\/\/monbochateau.fr\/wp-content\/uploads\/2026\/03\/Google_Play_Store_badge_FR.svg_.png 960w\" sizes=\"(max-width: 300px) 100vw, 300px\" \/>\t\t\t\t\t\t\t\t\t\t\t\t\t\t\t<\/div>\n\t\t\t\t<\/div>\n\t\t\t\t<div class=\"elementor-element elementor-element-e9ef0cb elementor-widget elementor-widget-image\" data-id=\"e9ef0cb\" data-element_type=\"widget\" data-e-type=\"widget\" data-widget_type=\"image.default\">\n\t\t\t\t\t\t\t\t\t\t\t\t\t\t\t<img fetchpriority=\"high\" decoding=\"async\" width=\"800\" height=\"800\" src=\"https:\/\/monbochateau.fr\/wp-content\/uploads\/2026\/03\/Image-illustration.png\" class=\"attachment-large size-large wp-image-125\" alt=\"Images illustration application monb\u00f4 Ch\u00e2teau\" srcset=\"https:\/\/monbochateau.fr\/wp-content\/uploads\/2026\/03\/Image-illustration.png 800w, https:\/\/monbochateau.fr\/wp-content\/uploads\/2026\/03\/Image-illustration-300x300.png 300w, https:\/\/monbochateau.fr\/wp-content\/uploads\/2026\/03\/Image-illustration-150x150.png 150w, https:\/\/monbochateau.fr\/wp-content\/uploads\/2026\/03\/Image-illustration-768x768.png 768w\" sizes=\"(max-width: 800px) 100vw, 800px\" \/>\t\t\t\t\t\t\t\t\t\t\t\t\t\t\t<\/div>\n\t\t\t\t<\/div>\n\t\t<div class=\"elementor-element elementor-element-3514a71 e-flex e-con-boxed e-con e-parent\" data-id=\"3514a71\" data-element_type=\"container\" data-e-type=\"container\">\n\t\t\t\t\t<div class=\"e-con-inner\">\n\t\t\t\t<div class=\"elementor-element elementor-element-a5617ba elementor-widget elementor-widget-heading\" data-id=\"a5617ba\" data-element_type=\"widget\" data-e-type=\"widget\" data-widget_type=\"heading.default\">\n\t\t\t\t\t<h2 class=\"elementor-heading-title elementor-size-default\"><strong> Que pouvez-vous faire sur Monb\u00f4 Ch\u00e2teau ?<\/h2>\t\t\t\t<\/div>\n\t\t\t\t\t<\/div>\n\t\t\t\t<\/div>\n\t\t<div class=\"elementor-element elementor-element-f8d7565 e-grid e-con-boxed elementor-invisible e-con e-parent\" data-id=\"f8d7565\" data-element_type=\"container\" data-e-type=\"container\" data-settings=\"{&quot;background_background&quot;:&quot;classic&quot;,&quot;animation&quot;:&quot;slideInUp&quot;}\">\n\t\t\t\t\t<div class=\"e-con-inner\">\n\t\t\t\t<div class=\"elementor-element elementor-element-2696e2a elementor-position-top elementor-widget elementor-widget-image-box\" data-id=\"2696e2a\" data-element_type=\"widget\" data-e-type=\"widget\" data-widget_type=\"image-box.default\">\n\t\t\t\t\t<div class=\"elementor-image-box-wrapper\"><figure class=\"elementor-image-box-img\"><img decoding=\"async\" width=\"1024\" height=\"683\" src=\"https:\/\/monbochateau.fr\/wp-content\/uploads\/2026\/03\/pexels-pixabay-50673-1024x683.jpg\" class=\"attachment-large size-large wp-image-129\" alt=\"\" srcset=\"https:\/\/monbochateau.fr\/wp-content\/uploads\/2026\/03\/pexels-pixabay-50673-1024x683.jpg 1024w, https:\/\/monbochateau.fr\/wp-content\/uploads\/2026\/03\/pexels-pixabay-50673-300x200.jpg 300w, https:\/\/monbochateau.fr\/wp-content\/uploads\/2026\/03\/pexels-pixabay-50673-768x512.jpg 768w, https:\/\/monbochateau.fr\/wp-content\/uploads\/2026\/03\/pexels-pixabay-50673-1536x1024.jpg 1536w, https:\/\/monbochateau.fr\/wp-content\/uploads\/2026\/03\/pexels-pixabay-50673-2048x1365.jpg 2048w\" sizes=\"(max-width: 1024px) 100vw, 1024px\" \/><\/figure><div class=\"elementor-image-box-content\"><h3 class=\"elementor-image-box-title\">D\u00e9couvrir et ajouter des ch\u00e2teaux<br><\/h3><p class=\"elementor-image-box-description\">Nos filtres de recherche et notre carte interactive vous permettent de d\u00e9couvrir et localiser tous les styles de ch\u00e2teaux que vous souhaitez. Il manque un ch\u00e2teau que vous connaissez ? Ajoutez-le simplement en quelques clics.<\/p><\/div><\/div>\t\t\t\t<\/div>\n\t\t\t\t<div class=\"elementor-element elementor-element-1af3ab6 elementor-position-top elementor-widget elementor-widget-image-box\" data-id=\"1af3ab6\" data-element_type=\"widget\" data-e-type=\"widget\" data-widget_type=\"image-box.default\">\n\t\t\t\t\t<div class=\"elementor-image-box-wrapper\"><figure class=\"elementor-image-box-img\"><img loading=\"lazy\" decoding=\"async\" width=\"2560\" height=\"1710\" src=\"https:\/\/monbochateau.fr\/wp-content\/uploads\/2026\/03\/pexels-wendywei-1551131-scaled.jpg\" class=\"attachment-full size-full wp-image-128\" alt=\"\" srcset=\"https:\/\/monbochateau.fr\/wp-content\/uploads\/2026\/03\/pexels-wendywei-1551131-scaled.jpg 2560w, https:\/\/monbochateau.fr\/wp-content\/uploads\/2026\/03\/pexels-wendywei-1551131-300x200.jpg 300w, https:\/\/monbochateau.fr\/wp-content\/uploads\/2026\/03\/pexels-wendywei-1551131-1024x684.jpg 1024w, https:\/\/monbochateau.fr\/wp-content\/uploads\/2026\/03\/pexels-wendywei-1551131-768x513.jpg 768w, https:\/\/monbochateau.fr\/wp-content\/uploads\/2026\/03\/pexels-wendywei-1551131-1536x1026.jpg 1536w, https:\/\/monbochateau.fr\/wp-content\/uploads\/2026\/03\/pexels-wendywei-1551131-2048x1368.jpg 2048w\" sizes=\"(max-width: 2560px) 100vw, 2560px\" \/><\/figure><div class=\"elementor-image-box-content\"><h3 class=\"elementor-image-box-title\">Enregistrer vos visites<\/h3><p class=\"elementor-image-box-description\">\nVous pouvez marquer tous les ch\u00e2teaux de l'application comme \u00e9tant des futures visites, enregistrer au m\u00eame endroit vos ch\u00e2teaux visit\u00e9s ou ajoutez des lieux comme \u00e9tant vos favoris afin d'enrichir votre collection.<\/p><\/div><\/div>\t\t\t\t<\/div>\n\t\t\t\t<div class=\"elementor-element elementor-element-9478103 elementor-position-top elementor-widget elementor-widget-image-box\" data-id=\"9478103\" data-element_type=\"widget\" data-e-type=\"widget\" data-widget_type=\"image-box.default\">\n\t\t\t\t\t<div class=\"elementor-image-box-wrapper\"><figure class=\"elementor-image-box-img\"><img loading=\"lazy\" decoding=\"async\" width=\"2560\" height=\"1707\" src=\"https:\/\/monbochateau.fr\/wp-content\/uploads\/2026\/03\/pexels-mastercowley-1128783-scaled.jpg\" class=\"attachment-full size-full wp-image-130\" alt=\"\" srcset=\"https:\/\/monbochateau.fr\/wp-content\/uploads\/2026\/03\/pexels-mastercowley-1128783-scaled.jpg 2560w, https:\/\/monbochateau.fr\/wp-content\/uploads\/2026\/03\/pexels-mastercowley-1128783-300x200.jpg 300w, https:\/\/monbochateau.fr\/wp-content\/uploads\/2026\/03\/pexels-mastercowley-1128783-1024x683.jpg 1024w, https:\/\/monbochateau.fr\/wp-content\/uploads\/2026\/03\/pexels-mastercowley-1128783-768x512.jpg 768w, https:\/\/monbochateau.fr\/wp-content\/uploads\/2026\/03\/pexels-mastercowley-1128783-1536x1024.jpg 1536w, https:\/\/monbochateau.fr\/wp-content\/uploads\/2026\/03\/pexels-mastercowley-1128783-2048x1365.jpg 2048w\" sizes=\"(max-width: 2560px) 100vw, 2560px\" \/><\/figure><div class=\"elementor-image-box-content\"><h3 class=\"elementor-image-box-title\">Trouver un \u00e9v\u00e9nement<\/h3><p class=\"elementor-image-box-description\">D\u00e9couvrez les \u00e9v\u00e9nements organis\u00e9s dans les ch\u00e2teaux pr\u00e8s de chez vous et dans la France enti\u00e8re. Chaque utilisateur peut librement ajouter son propre \u00e9v\u00e9nement si celui-ci ne fait pas encore partie de la liste.<\/p><\/div><\/div>\t\t\t\t<\/div>\n\t\t\t\t\t<\/div>\n\t\t\t\t<\/div>\n\t\t<div class=\"elementor-element elementor-element-8cbbc3e e-flex e-con-boxed e-con e-parent\" data-id=\"8cbbc3e\" data-element_type=\"container\" data-e-type=\"container\">\n\t\t\t\t\t<div class=\"e-con-inner\">\n\t\t<div class=\"elementor-element elementor-element-49ea720 e-con-full e-flex e-con e-child\" data-id=\"49ea720\" data-element_type=\"container\" data-e-type=\"container\">\n\t\t\t\t<div class=\"elementor-element elementor-element-9f012f7 elementor-widget elementor-widget-heading\" data-id=\"9f012f7\" data-element_type=\"widget\" data-e-type=\"widget\" data-widget_type=\"heading.default\">\n\t\t\t\t\t<h2 class=\"elementor-heading-title elementor-size-default\"><strong>Suivez-nous sur Instagram<\/h2>\t\t\t\t<\/div>\n\t\t\t\t<div class=\"elementor-element elementor-element-b7a1796 elementor-shape-rounded elementor-grid-0 e-grid-align-center elementor-widget elementor-widget-social-icons\" data-id=\"b7a1796\" data-element_type=\"widget\" data-e-type=\"widget\" data-widget_type=\"social-icons.default\">\n\t\t\t\t\t\t\t<div class=\"elementor-social-icons-wrapper elementor-grid\">\n\t\t\t\t\t\t\t<span class=\"elementor-grid-item\">\n\t\t\t\t\t<a class=\"elementor-icon elementor-social-icon elementor-social-icon-instagram elementor-repeater-item-1b80ae2\" href=\"https:\/\/www.instagram.com\/monbochateau\/\" target=\"_blank\">\n\t\t\t\t\t\t<span class=\"elementor-screen-only\">Instagram<\/span>\n\t\t\t\t\t\t<svg aria-hidden=\"true\" class=\"e-font-icon-svg e-fab-instagram\" viewBox=\"0 0 448 512\" xmlns=\"http:\/\/www.w3.org\/2000\/svg\"><path d=\"M224.1 141c-63.6 0-114.9 51.3-114.9 114.9s51.3 114.9 114.9 114.9S339 319.5 339 255.9 287.7 141 224.1 141zm0 189.6c-41.1 0-74.7-33.5-74.7-74.7s33.5-74.7 74.7-74.7 74.7 33.5 74.7 74.7-33.6 74.7-74.7 74.7zm146.4-194.3c0 14.9-12 26.8-26.8 26.8-14.9 0-26.8-12-26.8-26.8s12-26.8 26.8-26.8 26.8 12 26.8 26.8zm76.1 27.2c-1.7-35.9-9.9-67.7-36.2-93.9-26.2-26.2-58-34.4-93.9-36.2-37-2.1-147.9-2.1-184.9 0-35.8 1.7-67.6 9.9-93.9 36.1s-34.4 58-36.2 93.9c-2.1 37-2.1 147.9 0 184.9 1.7 35.9 9.9 67.7 36.2 93.9s58 34.4 93.9 36.2c37 2.1 147.9 2.1 184.9 0 35.9-1.7 67.7-9.9 93.9-36.2 26.2-26.2 34.4-58 36.2-93.9 2.1-37 2.1-147.8 0-184.8zM398.8 388c-7.8 19.6-22.9 34.7-42.6 42.6-29.5 11.7-99.5 9-132.1 9s-102.7 2.6-132.1-9c-19.6-7.8-34.7-22.9-42.6-42.6-11.7-29.5-9-99.5-9-132.1s-2.6-102.7 9-132.1c7.8-19.6 22.9-34.7 42.6-42.6 29.5-11.7 99.5-9 132.1-9s102.7-2.6 132.1 9c19.6 7.8 34.7 22.9 42.6 42.6 11.7 29.5 9 99.5 9 132.1s2.7 102.7-9 132.1z\"><\/path><\/svg>\t\t\t\t\t<\/a>\n\t\t\t\t<\/span>\n\t\t\t\t\t<\/div>\n\t\t\t\t\t\t<\/div>\n\t\t\t\t<div class=\"elementor-element elementor-element-6d7e963 elementor-widget elementor-widget-image\" data-id=\"6d7e963\" data-element_type=\"widget\" data-e-type=\"widget\" data-widget_type=\"image.default\">\n\t\t\t\t\t\t\t\t\t\t\t\t\t\t\t\t<a href=\"https:\/\/www.instagram.com\/monbochateau\/\">\n\t\t\t\t\t\t\t<img loading=\"lazy\" decoding=\"async\" width=\"768\" height=\"287\" src=\"https:\/\/monbochateau.fr\/wp-content\/uploads\/2026\/03\/Capture-insta-mars-768x287.png\" class=\"attachment-medium_large size-medium_large wp-image-358\" alt=\"\" srcset=\"https:\/\/monbochateau.fr\/wp-content\/uploads\/2026\/03\/Capture-insta-mars-768x287.png 768w, https:\/\/monbochateau.fr\/wp-content\/uploads\/2026\/03\/Capture-insta-mars-300x112.png 300w, https:\/\/monbochateau.fr\/wp-content\/uploads\/2026\/03\/Capture-insta-mars-1024x383.png 1024w, https:\/\/monbochateau.fr\/wp-content\/uploads\/2026\/03\/Capture-insta-mars.png 1411w\" sizes=\"(max-width: 768px) 100vw, 768px\" \/>\t\t\t\t\t\t\t\t<\/a>\n\t\t\t\t\t\t\t\t\t\t\t\t\t\t\t<\/div>\n\t\t\t\t<\/div>\n\t\t\t\t\t<\/div>\n\t\t\t\t<\/div>\n\t\t<div class=\"elementor-element elementor-element-bf68c72 e-grid e-con-boxed e-con e-parent\" data-id=\"bf68c72\" data-element_type=\"container\" data-e-type=\"container\" data-settings=\"{&quot;background_background&quot;:&quot;classic&quot;}\">\n\t\t\t\t\t<div class=\"e-con-inner\">\n\t\t<div class=\"elementor-element elementor-element-a16baff e-con-full e-flex e-con e-child\" data-id=\"a16baff\" data-element_type=\"container\" data-e-type=\"container\">\n\t\t<div class=\"elementor-element elementor-element-fe9398f e-con-full e-flex e-con e-child\" data-id=\"fe9398f\" data-element_type=\"container\" data-e-type=\"container\">\n\t\t\t\t<div class=\"elementor-element elementor-element-66194da elementor-widget elementor-widget-heading\" data-id=\"66194da\" data-element_type=\"widget\" data-e-type=\"widget\" data-widget_type=\"heading.default\">\n\t\t\t\t\t<h2 class=\"elementor-heading-title elementor-size-default\">Monb\u00f4 Ch\u00e2teau est aussi disponible en version web !<\/h2>\t\t\t\t<\/div>\n\t\t\t\t<\/div>\n\t\t<div class=\"elementor-element elementor-element-57aa3a3 e-con-full e-flex e-con e-child\" data-id=\"57aa3a3\" data-element_type=\"container\" data-e-type=\"container\">\n\t\t\t\t<div class=\"elementor-element elementor-element-992e26c elementor-widget elementor-widget-text-editor\" data-id=\"992e26c\" data-element_type=\"widget\" data-e-type=\"widget\" data-widget_type=\"text-editor.default\">\n\t\t\t\t\t\t\t\t\t<p>Pour acc\u00e9der \u00e0 l&rsquo;application sur votre navigateur, il ne vous reste plus qu&rsquo;\u00e0 <a href=\"https:\/\/app.monbochateau.fr\/\">cliquer ici<\/a>. Bonne visite !<\/p>\t\t\t\t\t\t\t\t<\/div>\n\t\t\t\t<\/div>\n\t\t\t\t<\/div>\n\t\t\t\t<div class=\"elementor-element elementor-element-119817a elementor-widget elementor-widget-image\" data-id=\"119817a\" data-element_type=\"widget\" data-e-type=\"widget\" data-widget_type=\"image.default\">\n\t\t\t\t\t\t\t\t\t\t\t\t\t\t\t\t<a href=\"https:\/\/app.monbochateau.fr\/\" target=\"_blank\">\n\t\t\t\t\t\t\t<img loading=\"lazy\" decoding=\"async\" width=\"768\" height=\"768\" src=\"https:\/\/monbochateau.fr\/wp-content\/uploads\/2026\/03\/Apercu-appli-768x768.png\" class=\"elementor-animation-wobble-horizontal attachment-medium_large size-medium_large wp-image-318\" alt=\"Aper\u00e7u appli Monb\u00f4 Ch\u00e2teau\" srcset=\"https:\/\/monbochateau.fr\/wp-content\/uploads\/2026\/03\/Apercu-appli-768x768.png 768w, https:\/\/monbochateau.fr\/wp-content\/uploads\/2026\/03\/Apercu-appli-300x300.png 300w, https:\/\/monbochateau.fr\/wp-content\/uploads\/2026\/03\/Apercu-appli-1024x1024.png 1024w, https:\/\/monbochateau.fr\/wp-content\/uploads\/2026\/03\/Apercu-appli-150x150.png 150w, https:\/\/monbochateau.fr\/wp-content\/uploads\/2026\/03\/Apercu-appli-1536x1536.png 1536w, https:\/\/monbochateau.fr\/wp-content\/uploads\/2026\/03\/Apercu-appli.png 1600w\" sizes=\"(max-width: 768px) 100vw, 768px\" \/>\t\t\t\t\t\t\t\t<\/a>\n\t\t\t\t\t\t\t\t\t\t\t\t\t\t\t<\/div>\n\t\t\t\t\t<\/div>\n\t\t\t\t<\/div>\n\t\t\t\t<\/div>\n\t\t","protected":false},"excerpt":{"rendered":"<p>Application d\u00e9di\u00e9e au r\u00e9f\u00e9rencement des ch\u00e2teaux de France Monb\u00f4 Ch\u00e2teau est une application aliment\u00e9e par ses propres utilisateurs. Son objectif [&hellip;]<\/p>\n","protected":false},"author":1,"featured_media":0,"parent":0,"menu_order":0,"comment_status":"closed","ping_status":"closed","template":"elementor_header_footer","meta":{"site-sidebar-layout":"no-sidebar","site-content-layout":"","ast-site-content-layout":"full-width-container","site-content-style":"default","site-sidebar-style":"default","ast-global-header-display":"","ast-banner-title-visibility":"","ast-main-header-display":"","ast-hfb-above-header-display":"","ast-hfb-below-header-display":"","ast-hfb-mobile-header-display":"","site-post-title":"disabled","ast-breadcrumbs-content":"","ast-featured-img":"disabled","footer-sml-layout":"","ast-disable-related-posts":"","theme-transparent-header-meta":"","adv-header-id-meta":"","stick-header-meta":"","header-above-stick-meta":"","header-main-stick-meta":"","header-below-stick-meta":"","astra-migrate-meta-layouts":"default","ast-page-background-enabled":"default","ast-page-background-meta":{"desktop":{"background-color":"var(--ast-global-color-5)","background-image":"","background-repeat":"repeat","background-position":"center center","background-size":"auto","background-attachment":"scroll","background-type":"","background-media":"","overlay-type":"","overlay-color":"","overlay-opacity":"","overlay-gradient":""},"tablet":{"background-color":"","background-image":"","background-repeat":"repeat","background-position":"center center","background-size":"auto","background-attachment":"scroll","background-type":"","background-media":"","overlay-type":"","overlay-color":"","overlay-opacity":"","overlay-gradient":""},"mobile":{"background-color":"","background-image":"","background-repeat":"repeat","background-position":"center center","background-size":"auto","background-attachment":"scroll","background-type":"","background-media":"","overlay-type":"","overlay-color":"","overlay-opacity":"","overlay-gradient":""}},"ast-content-background-meta":{"desktop":{"background-color":"var(--ast-global-color-4)","background-image":"","background-repeat":"repeat","background-position":"center center","background-size":"auto","background-attachment":"scroll","background-type":"","background-media":"","overlay-type":"","overlay-color":"","overlay-opacity":"","overlay-gradient":""},"tablet":{"background-color":"var(--ast-global-color-4)","background-image":"","background-repeat":"repeat","background-position":"center center","background-size":"auto","background-attachment":"scroll","background-type":"","background-media":"","overlay-type":"","overlay-color":"","overlay-opacity":"","overlay-gradient":""},"mobile":{"background-color":"var(--ast-global-color-4)","background-image":"","background-repeat":"repeat","background-position":"center center","background-size":"auto","background-attachment":"scroll","background-type":"","background-media":"","overlay-type":"","overlay-color":"","overlay-opacity":"","overlay-gradient":""}},"footnotes":""},"class_list":["post-63","page","type-page","status-publish","hentry"],"_links":{"self":[{"href":"https:\/\/monbochateau.fr\/index.php\/wp-json\/wp\/v2\/pages\/63","targetHints":{"allow":["GET"]}}],"collection":[{"href":"https:\/\/monbochateau.fr\/index.php\/wp-json\/wp\/v2\/pages"}],"about":[{"href":"https:\/\/monbochateau.fr\/index.php\/wp-json\/wp\/v2\/types\/page"}],"author":[{"embeddable":true,"href":"https:\/\/monbochateau.fr\/index.php\/wp-json\/wp\/v2\/users\/1"}],"replies":[{"embeddable":true,"href":"https:\/\/monbochateau.fr\/index.php\/wp-json\/wp\/v2\/comments?post=63"}],"version-history":[{"count":116,"href":"https:\/\/monbochateau.fr\/index.php\/wp-json\/wp\/v2\/pages\/63\/revisions"}],"predecessor-version":[{"id":364,"href":"https:\/\/monbochateau.fr\/index.php\/wp-json\/wp\/v2\/pages\/63\/revisions\/364"}],"wp:attachment":[{"href":"https:\/\/monbochateau.fr\/index.php\/wp-json\/wp\/v2\/media?parent=63"}],"curies":[{"name":"wp","href":"https:\/\/api.w.org\/{rel}","templated":true}]}}